hat is -416 + 411 + 4 + -2 + 1?
-2
-2 + (11 - (23 - 5)) - 7
-16
Calculate -320 + 284 - (-50 + 2).
12
-6 + 8 + (7 - 3) - (-1 - 7)
14
What is (-19 + 1 - -10 - 2) + 0?
-10
What is (5 - -1) + -9 + (3 - -11)?
11
Evaluate 5 + -42 + 17 + 38.
18
Evaluate -5 + -6 - -6 - (-4 + -1 + 5).
-5
What is the value of -9 + -5 + (0 - 6)?
-20
2 - 9 - (254 + -252)
-9
Calculate -1 + -28 + -33 + 55 + -11.
-18
What is the value of 21 + 0 - (12 - (8 - 1 - 6))?
10
What is the value of -3 + 11 + -5 + -6?
-3
What is 46 + -4 + -77 + 46?
11
What is the value of 5 - (3 - 10) - (4 + 5) - 32?
-29
What is (0 - (-4 + (1 - -1))) + 8?
10
Evaluate 35 + (-10 + 9 - 19).
15
What is the value of (-14 + 15 - 19) + -2?
-20
What is the value of 18 + -12 + 8 + -6 - 9?
-1
What is 1 - (-11 + 7 - 10)?
15
What is -1 - 12 - (1174 + -1180)?
-7
(1 + -6 - (-21 + 26)) + 0
-10
Calculate (-4 + -4 + 7 - -1) + 2.
2
Evaluate -25 - -4 - (-25 + 13).
-9
Calculate (-19 - -8) + (-138 - -135) + (0 - 6).
-20
Calculate (76 - (9 + 23)) + -21.
23
Calculate 23 + -44 + -10 + 47.
16
What is the value of (-15 - -14) + -2 - -13 - 0?
10
What is the value of (1 - 6) + -1 + -18 + 27 + -14?
-11
What is 17 + 64 + -14 + -32?
35
What is (-71 - -79) + -2 + 32 + 0 + -10?
28
Evaluate -30 + (-25 - (14 - 45)).
-24
What is 3 - 10 - -2 - (-93 + 102)?
-14
Calculate (0 - -20) + -4 + (5 + -1 - 6).
14
What is -1 - 10 - (137 + -151) - (-4 + 1)?
6
What is the value of 1 - (-3 - (6 + -14 + 2) - 6)?
4
Calculate (46 - 49) + -2 + -1 - -13.
7
1 - (0 - 1 - (0 + 21 + -27))
-4
Calculate 19 - (20 + 3) - (3 - 6).
-1
-11 + 0 + (-4 - -10 - -24 - 5)
14
-4 + 21 + -5 - ((-4 - -2) + 6)
8
Calculate (1 + -2 - -2) + -11 - (101 - 90).
-21
-13 + 9 - -2 - 1 - -5
2
2 - (-6 + (1 + 15 - 1) + -2)
-5
What is -3 + 6 + (0 - -3) + 56 + -62?
0
Calculate (-9 - -17 - (2 + -2)) + 7 + -7.
8
What is the value of -10 + (24 - 5) - (-1 - (2 + -10))?
2
76 + -15 + -19 - 11
31
Calculate (-6 - (6 - -6)) + 12 + -8.
-14
-8 + 7 + 10 - 3 - -5
11
What is 9 + (-13 + 8 - (3 + -19) - 5)?
15
What is the value of 11 + 0 + -11 + (1 + 12 - 0)?
13
What is -2 + -12 + (8 - (-6 + 0 + 5))?
-5
What is 33 - (35 + -38 + 34)?
2
What is the value of -7 - (-19 - (-1 - 11))?
0
What is -9 - (-14 - -5 - 12)?
12
Calculate -8 + 2 + 14 - 21.
-13
Calculate -2 + (-23 - (-3 - (12 + (-7 - 1)))).
-18
Calculate 5 - (-3 - (4 + -8 + -3 + 1)).
2
1 + (1 - -2) + (5 - (23 - 11))
-3
Calculate 11 - 0 - (18 + 36 - 9).
-34
Evaluate (-6 - 1) + -97 + 112.
8
Evaluate (-4 - -29 - 44) + 16 + -1.
-4
What is -13 - -46 - 14 - (2 + 5)?
12
Calculate 2 - (21 - 22) - (5 + (0 - 0)).
-2
What is the value of (-316 - -303) + (-12 - (-1 - (3 - 1)))?
-22
What is the value of -458 + 464 + (0 - -9)?
15
What is (17 - (10 - (7 + 4))) + 10?
28
Calculate 17 + (-12 - 5) + -6.
-6
-9 + 20 + 7 + 2 + 1 + -4
17
What is the value of (10 - 1) + -1 + 23 + -12?
19
What is 4 + -2 + 0 - (-66 - -75)?
-7
Evaluate 9 + (-28 - (-5 + -2)) + -18.
-30
Evaluate 29 + -12 + -7 + 7.
17
What is (-1 - -12) + 10 + (8 - 12) + -2?
15
What is 0 - -16 - ((11 - (-22 - -44)) + 3)?
24
Calculate 1 + (-4 - (-1 - 5 - (24 + -2))).
25
What is -6 - (-11 + (8 - 44 - 4) - -9)?
36
What is (-3 - -27) + 45 + -60?
9
Evaluate -3 + 1 + -18 + (21 - (-14 + 26)).
-11
What is the value of 77 - 41 - 37 - 9?
-10
Evaluate 10 + (-7 - 6) + 18.
15
-50 + 44 + 0 + 7 + 1
2
What is -18 + -4 + 18 + 4?
0
Calculate -5 - (-25 + -12 + 35 + -11).
8
27 + (62 - 36 - 34)
19
What is 8 - (-18 - -14 - 0) - -8?
20
Evaluate (1 + -1 - (-105 - -117)) + -8.
-20
9 - (27 + 10 + -20)
-8
Evaluate 5 - (3 + (10 - (-3 - -10))).
-1
What is 4 - 10 - (-9 - (-3 - 1) - 2)?
1
What is the value of 131 + -139 + 0 + -2 + 0 + -6?
-16
What is -2 + (-1 - (13 + 1 + -8))?
-9
Calculate (-4 - -2) + (-16 + (3 - 1) - -8).
-8
Calculate -4 + (-2 - -3) + (13 - 12) + -11.
-13
Calculate (2 - 1) + (10 - 11 - (10 + -4)).
-6
Calculate -8 - -5 - (-9 - (2 - (-8 - -21))).
-5
What is the value of -118 - -113 - (-7 - (-2 + 0))?
0
Calculate (16 - -1) + (7 - (-6 + 12)).
18
What is the value of -1 + 6 + -29 + 17?
-7
What is the value of -52 + 41 + -7 - (-6 + 1)?
-13
12 + -5 + -2 + 5 - 10
0
-5 - -2 - (-21 - -7)
11
Evaluate -3 + 32 + (-16 + 8 - -10) - 7.
24
What is -12 - (-1 - -2 - -3) - -3?
-13
Calculate 16 + (17 - 10) + -48.
-25
What is -7 - (-16 + 24 - (0 - -4))?
-11
What is the value of -4 + (-24 - -46 - 8)?
10
Calculate ((-9 - 2) + 0 - -22) + -43.
-32
-7 - (27 + -33 - (2 - 1 - 6))
-6
Calculate (1 - (-2 - -1) - 11) + (-91 - -92).
-8
What is (-5 - -8 - -21) + -12?
12
What is the value of (1 - (-6 - -8)) + 23 - (11 - 3)?
14
-9 + (-4 - 2) + 5 + 2
-8
8 + -13 + 11 - (4 + -1)
3
Calculate 2 - (-5 - (-2 + 7 + -3)).
9
-1 + (-22 - -6) - (-5 + -1 + 0)
-11
What is -1 - 1 - (-4 - (6 - 11))?
-3
Calculate 10 + -1 + -1 + -1 + (-211 - -182).
-22
Calculate 8 - (3 - (-5 - 2 - 1)) - -8.
5
What is the value of (34 - (2 + 15)) + -34 - -3?
-14
Evaluate -12 + 53 - ((1 - 2) + (7 - -3)).
32
Calculate (-5 - 1) + 3 + -3 + 4 - 2.
-4
What is 11 + -9 + (-32 - -14)?
-16
Evaluate (-3 - (-19 - 0)) + -29 + -3.
-16
Evaluate 38 - (25 + -12 - -15).
10
Evaluate -4 + -17 + 9 + (8 - -9).
5
-13 + 1 + -69 + 85
4
What is the value of -12 + (-4 - (3 - (3 + -3 - -7)))?
-12
5 - (3 - ((-33 - -24) + 15 + 2))
10
What is (-10 - -2) + 4 + (20 - 27)?
-11
Calculate -1 + 16 + 1 - (-1 + -11 + 16).
12
Calculate 11 + -3 + (10 - 18) + 5 + -2.
3
Calculate (-10 - -20) + 10 - (10 + -1).
11
-11 + (10 - 3 - -5) + -6 + -3
-8
What is 18 + -22 - (3 + -5)?
-2
What is the value of (44 - 24) + -6 + 5?
19
Evaluate -6 + -15 + 5 + -14 + 17.
-13
What is the value of 10 + (-1 - -5) + (-36 - (-4 - 17))?
-1
What is the value of (7 - (16 - (-5 + 22))) + -15?
-7
Evaluate (30 - 37) + (33 - 3) - 5.
18
Calculate (-119 - -66) + 1 + 31.
-21
54 + -62 + -2 + (0 - -1)
-9
What is (4 - 14) + 4 + -3 + 4 + 1?
-4
What is 20 - (26 - 20 - -16)?
-2
Evaluate -11 - (110 + -91) - (-11 - 0).
-19
Calculate 981 + -987 - (1 + 0 - -3).
-10
What is the value of 2 + (10 - 7) + -11 + 10?
4
What is -1 + (-5 - (7 + -5))?
-8
Evaluate -14 - (-6 + -4) - 5.
-9
Evaluate (4 - 19) + 14 - -10.
9
Evaluate (6 - 3) + 0 + (-8 - -18).
13
-7 + (0 - 1) + -2 + -11 + 19
-2
What is 0 - (-10 + 1) - (18 + -10 + -15)?
16
What is the value of 3 + -4 - (16 - (-21 - -26))?
-12
44 - (-25 + 38) - 7
24
What is the value of -13 + (4 - -25) + (-1 - 4)?
11
What is -22 + 6 + -11 + 14?
-13
What is (-23 - -1 - (-59 - -45)) + -3?
-11
Evaluate 29 - (-35 + 1 - -81).
-18
What is -7 - (((8 - 2) + -2 - 8) + 1)?
-4
-12 + 3 + 6 - 6
-9
What is the value of 25 + -8 + (-26 - -25)?
16
What is 1 + (-6 + (3 - -5) - 0)?
3
What is 6 + 8 + -3 + (-1 - (-3 + 6))?
7
(3 - (8 - 5) - 8) + 5
-3
Calculate 6 - ((7 - 0) + (-1 - -7 - -1)).
-8
3 + (-24 + 26 - (0 - 3))
8
What is -19 + -3 - -51 - 50?
-21
Evaluate (-11 + 19 + 1 - -3) + -25.
-13
20 + (8 - 18) + (-1 - -7) + 3
19
What is the value of -1 + -2 + 2 + 4 + 6?
9
What is 35 + (-14 - -10) + -8 + -1?
22
What is the value of 0 + (7 - (15 - 2)) + 8 - -2?
4
Evaluate -1 + (-15 - -8) + 0.
-8
(2 + -4 - -4) + 1 - (-8 + 5)
6
Evaluate -12 + (3 - 0) - -2 - -10.
3
Evaluate (1 - (8 + 1 + (-6 - -2))) + 9.
5
Evaluate -12 - (43 - 27) - -18.
-10
(7 - 0 - 17) + 15 - -10
15
Calculate -3 + -1 - ((-16 - -6) + 27).
-21
Calculate -8 + -1 + 6 + -5.
-8
Calculate -2 + 0 - (59 + -66).
5
What is the value of -3 - ((12 - 7 - 5) + 9)?
-12
What is 3 + -3 + 10 + (35 - 64 - -57)?
38
56 - 6 - (50 + -22)
22
What is the value of (18 - 27) + (-4 - (1 - 9))?
-5
Calculate 3 - (-4 + 19 + -28).
16
What is 42 + -27 - (27 - 39)?
27
11 + (4 - (25 - -6))
-16
Evaluate 26 - (-10 - -7 - ((-2 - -11) + -7)).
31
-10 + (4 - 2) + -194 + 197
-5
Evaluate -6 + -33 + 44 - (-1 - -31).
-25
Evaluate 3 + 10 - (12 - (11 + -35)).
-23
-19 + -1 + (-2 - (-9 - 0))
-13
Calculate -18 + 21 + 6 + -7.
2
What is (1 - -2 - (5 + 1)) + -45 + 49?
1
What is the value of (8 - 9) + 13 + -25?
-13
Calculate 8 + -10 - (8 + 6 + -20).
4
Evaluate -24 + 17 - (-19 - (0 - 3)).
9
Evaluate 0 - 1 - (-1 - (4 + 4 + -2)).
6
Evaluate 0 + -7 + (-2 - -2) - (-273 + 258).
8
0 + (-7 - (6 - (21 - 7)))
1
Evaluate -21 + (15 - 4) + 49 + (10 - 13).
36
-57 + 52 + -20 - (1 + (1 - 11))
-16
What is 13 + 3 - (32 - 35)?
19
Calculate 12 + (-11 - -8) - -3.
12
Calculate 18 - (-11 + (26 - 7)).
10
Evaluate (8 - 8) + (-3 - -8 - (-3 + 16)).
-8
Evaluate (-2 - 2) + (23 - -12 - 15).
16
What 